{"id":2162,"date":"2025-08-14T10:51:55","date_gmt":"2025-08-14T10:51:55","guid":{"rendered":"https:\/\/fyraess.se\/?post_type=product&#038;p=2162"},"modified":"2025-08-20T12:12:39","modified_gmt":"2025-08-20T12:12:39","slug":"4s-liniment-airless-100-ml","status":"publish","type":"product","link":"https:\/\/fyraess.se\/?product=4s-liniment-airless-100-ml","title":{"rendered":"4S Liniment (100ml\/500ml)"},"content":{"rendered":"<p>4S Liniment \u00e4r ett snabbverkande sport &amp; massageliniment. Anv\u00e4nds f\u00f6re och efter tr\u00e4ning och t\u00e4vling, s\u00e5 ofta du finner det n\u00f6dv\u00e4ndigt. Fyra Ess liniment tr\u00e4nger snabbt in i huden, mjukar upp och v\u00e4rmer utan att br\u00e4nna.<\/p>\n<p>Linimentet anv\u00e4nds inte bara av professionella terapeuter utan l\u00e4mpar sig \u00e4ven f\u00f6r egenv\u00e5rd. Kr\u00e4men \u00e4r l\u00e4tt att sm\u00f6rja in, behaglig i sin konsistens och har en doft av kamfer och vintergr\u00f6na. Inneh\u00e5ller utvalda ingredienser f\u00f6r att vara hudv\u00e4nlig, \u00e4r sammansatt s\u00e5 att du upplever v\u00e4rme utan att k\u00e4nna br\u00e4nnande k\u00e4nsla. Fyra Ess liniment masseras in l\u00e4tt. Se till att alltid ha rikligt med liniment n\u00e4r du masserar.<\/p>\n<p><strong>Finns i storlekarna 100ml och 500ml.<\/strong><\/p>\n","protected":false},"excerpt":{"rendered":"<p>4S Liniment \u00e4r ett snabbverkande sport &amp; massageliniment. Anv\u00e4nds f\u00f6re och efter tr\u00e4ning och t\u00e4vling, s\u00e5 ofta du finner det n\u00f6dv\u00e4ndigt. Fyra Ess liniment tr\u00e4nger snabbt in i huden, mjukar upp och v\u00e4rmer utan att br\u00e4nna. Linimentet anv\u00e4nds inte bara av professionella terapeuter utan l\u00e4mpar sig \u00e4ven f\u00f6r egenv\u00e5rd. Kr\u00e4men \u00e4r l\u00e4tt att sm\u00f6rja in, [&hellip;]<\/p>\n","protected":false},"featured_media":2198,"comment_status":"open","ping_status":"closed","template":"","meta":{"_et_pb_use_builder":"","_et_pb_old_content":"","_et_gb_content_width":""},"product_brand":[],"product_cat":[25,33,42],"product_tag":[],"class_list":{"0":"post-2162","1":"product","2":"type-product","3":"status-publish","4":"has-post-thumbnail","6":"product_cat-alla-produkter","7":"product_cat-human","8":"product_cat-massage-produkter","10":"first","11":"instock","12":"taxable","13":"shipping-taxable","14":"purchasable","15":"product-type-variable"},"_links":{"self":[{"href":"https:\/\/fyraess.se\/index.php?rest_route=\/wp\/v2\/product\/2162","targetHints":{"allow":["GET"]}}],"collection":[{"href":"https:\/\/fyraess.se\/index.php?rest_route=\/wp\/v2\/product"}],"about":[{"href":"https:\/\/fyraess.se\/index.php?rest_route=\/wp\/v2\/types\/product"}],"replies":[{"embeddable":true,"href":"https:\/\/fyraess.se\/index.php?rest_route=%2Fwp%2Fv2%2Fcomments&post=2162"}],"wp:featuredmedia":[{"embeddable":true,"href":"https:\/\/fyraess.se\/index.php?rest_route=\/wp\/v2\/media\/2198"}],"wp:attachment":[{"href":"https:\/\/fyraess.se\/index.php?rest_route=%2Fwp%2Fv2%2Fmedia&parent=2162"}],"wp:term":[{"taxonomy":"product_brand","embeddable":true,"href":"https:\/\/fyraess.se\/index.php?rest_route=%2Fwp%2Fv2%2Fproduct_brand&post=2162"},{"taxonomy":"product_cat","embeddable":true,"href":"https:\/\/fyraess.se\/index.php?rest_route=%2Fwp%2Fv2%2Fproduct_cat&post=2162"},{"taxonomy":"product_tag","embeddable":true,"href":"https:\/\/fyraess.se\/index.php?rest_route=%2Fwp%2Fv2%2Fproduct_tag&post=2162"}],"curies":[{"name":"wp","href":"https:\/\/api.w.org\/{rel}","templated":true}]}}