{"id":2155,"date":"2025-08-14T10:51:54","date_gmt":"2025-08-14T10:51:54","guid":{"rendered":"https:\/\/fyraess.se\/?post_type=product&#038;p=2155"},"modified":"2025-08-15T10:40:56","modified_gmt":"2025-08-15T10:40:56","slug":"4s-hundsalva","status":"publish","type":"product","link":"https:\/\/fyraess.se\/?product=4s-hundsalva","title":{"rendered":"4S Hundsalva"},"content":{"rendered":"<p align=\"left\">Marknadens ledande hundsalva. Ett recept byggt p\u00e5 Skillingarydsalvans 50-\u00e5riga erfarenhet av natursalvor. Effektiv och med ett brett register. Salvan \u00e4r bra f\u00f6r en m\u00e4ngd olika \u00e4ndam\u00e5l och anv\u00e4ndningsomr\u00e5den.<\/p>\n<p>Salvan \u00e4r helt vattenfri.<\/p>\n<p>Effektiv och med ett brett register. Listan nedan upptar exempel p\u00e5 olika anv\u00e4ndningsomr\u00e5den:<br \/>\n&#8211; Mjukg\u00f6rande salva<br \/>\n&#8211; Skyddar trampdynorna<br \/>\n&#8211; F\u00f6rhindrar isbildning mellan trampdynorna<br \/>\n&#8211; Skyddar mot uttorkning (v\u00e4gsalt etc.)<br \/>\n&#8211; Fet, vattenfri salva<\/p>\n","protected":false},"excerpt":{"rendered":"<p>Marknadens ledande hundsalva. Ett recept byggt p\u00e5 Skillingarydsalvans 50-\u00e5riga erfarenhet av natursalvor. Effektiv och med ett brett register. Salvan \u00e4r bra f\u00f6r en m\u00e4ngd olika \u00e4ndam\u00e5l och anv\u00e4ndningsomr\u00e5den. Salvan \u00e4r helt vattenfri. Effektiv och med ett brett register. Listan nedan upptar exempel p\u00e5 olika anv\u00e4ndningsomr\u00e5den: &#8211; Mjukg\u00f6rande salva &#8211; Skyddar trampdynorna &#8211; F\u00f6rhindrar isbildning mellan [&hellip;]<\/p>\n","protected":false},"featured_media":2205,"comment_status":"open","ping_status":"closed","template":"","meta":{"_et_pb_use_builder":"","_et_pb_old_content":"","_et_gb_content_width":""},"product_brand":[],"product_cat":[25,26,27],"product_tag":[],"class_list":{"0":"post-2155","1":"product","2":"type-product","3":"status-publish","4":"has-post-thumbnail","6":"product_cat-alla-produkter","7":"product_cat-djurvard","8":"product_cat-hund","10":"first","11":"instock","12":"taxable","13":"shipping-taxable","14":"purchasable","15":"product-type-simple"},"_links":{"self":[{"href":"https:\/\/fyraess.se\/index.php?rest_route=\/wp\/v2\/product\/2155","targetHints":{"allow":["GET"]}}],"collection":[{"href":"https:\/\/fyraess.se\/index.php?rest_route=\/wp\/v2\/product"}],"about":[{"href":"https:\/\/fyraess.se\/index.php?rest_route=\/wp\/v2\/types\/product"}],"replies":[{"embeddable":true,"href":"https:\/\/fyraess.se\/index.php?rest_route=%2Fwp%2Fv2%2Fcomments&post=2155"}],"wp:featuredmedia":[{"embeddable":true,"href":"https:\/\/fyraess.se\/index.php?rest_route=\/wp\/v2\/media\/2205"}],"wp:attachment":[{"href":"https:\/\/fyraess.se\/index.php?rest_route=%2Fwp%2Fv2%2Fmedia&parent=2155"}],"wp:term":[{"taxonomy":"product_brand","embeddable":true,"href":"https:\/\/fyraess.se\/index.php?rest_route=%2Fwp%2Fv2%2Fproduct_brand&post=2155"},{"taxonomy":"product_cat","embeddable":true,"href":"https:\/\/fyraess.se\/index.php?rest_route=%2Fwp%2Fv2%2Fproduct_cat&post=2155"},{"taxonomy":"product_tag","embeddable":true,"href":"https:\/\/fyraess.se\/index.php?rest_route=%2Fwp%2Fv2%2Fproduct_tag&post=2155"}],"curies":[{"name":"wp","href":"https:\/\/api.w.org\/{rel}","templated":true}]}}