{"id":2135,"date":"2025-08-14T09:29:40","date_gmt":"2025-08-14T09:29:40","guid":{"rendered":"https:\/\/fyraess.se\/?post_type=product&#038;p=2135"},"modified":"2025-08-20T12:06:34","modified_gmt":"2025-08-20T12:06:34","slug":"disperingspump-for-500-ml-flaska","status":"publish","type":"product","link":"https:\/\/fyraess.se\/?product=disperingspump-for-500-ml-flaska","title":{"rendered":"Dispenseringspump f\u00f6r 500 ml flaska"},"content":{"rendered":"<p>Dispenseringspump f\u00f6r 500 ml flaska. St\u00e4ng och \u00f6ppningsbar!<\/p>\n","protected":false},"excerpt":{"rendered":"<p>Dispenseringspump f\u00f6r 500 ml flaska. St\u00e4ng och \u00f6ppningsbar!<\/p>\n","protected":false},"featured_media":2233,"comment_status":"open","ping_status":"closed","template":"","meta":{"_et_pb_use_builder":"","_et_pb_old_content":"","_et_gb_content_width":""},"product_brand":[],"product_cat":[25,26,28,33,27,37],"product_tag":[],"class_list":{"0":"post-2135","1":"product","2":"type-product","3":"status-publish","4":"has-post-thumbnail","6":"product_cat-alla-produkter","7":"product_cat-djurvard","8":"product_cat-hast","9":"product_cat-human","10":"product_cat-hund","11":"product_cat-ovrigt","13":"first","14":"instock","15":"taxable","16":"shipping-taxable","17":"purchasable","18":"product-type-simple"},"_links":{"self":[{"href":"https:\/\/fyraess.se\/index.php?rest_route=\/wp\/v2\/product\/2135","targetHints":{"allow":["GET"]}}],"collection":[{"href":"https:\/\/fyraess.se\/index.php?rest_route=\/wp\/v2\/product"}],"about":[{"href":"https:\/\/fyraess.se\/index.php?rest_route=\/wp\/v2\/types\/product"}],"replies":[{"embeddable":true,"href":"https:\/\/fyraess.se\/index.php?rest_route=%2Fwp%2Fv2%2Fcomments&post=2135"}],"wp:featuredmedia":[{"embeddable":true,"href":"https:\/\/fyraess.se\/index.php?rest_route=\/wp\/v2\/media\/2233"}],"wp:attachment":[{"href":"https:\/\/fyraess.se\/index.php?rest_route=%2Fwp%2Fv2%2Fmedia&parent=2135"}],"wp:term":[{"taxonomy":"product_brand","embeddable":true,"href":"https:\/\/fyraess.se\/index.php?rest_route=%2Fwp%2Fv2%2Fproduct_brand&post=2135"},{"taxonomy":"product_cat","embeddable":true,"href":"https:\/\/fyraess.se\/index.php?rest_route=%2Fwp%2Fv2%2Fproduct_cat&post=2135"},{"taxonomy":"product_tag","embeddable":true,"href":"https:\/\/fyraess.se\/index.php?rest_route=%2Fwp%2Fv2%2Fproduct_tag&post=2135"}],"curies":[{"name":"wp","href":"https:\/\/api.w.org\/{rel}","templated":true}]}}