{"id":2122,"date":"2025-08-14T09:29:38","date_gmt":"2025-08-14T09:29:38","guid":{"rendered":"https:\/\/fyraess.se\/?post_type=product&#038;p=2122"},"modified":"2025-08-15T10:36:43","modified_gmt":"2025-08-15T10:36:43","slug":"hastliniment-500-ml","status":"publish","type":"product","link":"https:\/\/fyraess.se\/?product=hastliniment-500-ml","title":{"rendered":"H\u00e4stliniment, 500 ml"},"content":{"rendered":"<p>Fyra Ess H\u00e4stliniment \u00e4r ett liniment som snabbt tr\u00e4nger in och mjukar upp v\u00e4vnaderna och muskulaturen. D\u00e4rmed minskas skaderisken, samtidigt som smidigheten \u00f6kar i samband med l\u00e4tt massage. Anv\u00e4nds s\u00e5v\u00e4l f\u00f6re som efter t\u00e4vling och tr\u00e4ning.Granskat av ST:s (Svenska Travsport) expertgrupp f\u00f6r doping. 0 tim. karens. Det \u00e4r inte utan anledning som Fyra Ess \u00e4r det liniment som v\u00e4xer snabbast p\u00e5 marknaden.<\/p>\n","protected":false},"excerpt":{"rendered":"<p>Fyra Ess H\u00e4stliniment \u00e4r ett liniment som snabbt tr\u00e4nger in och mjukar upp v\u00e4vnaderna och muskulaturen. D\u00e4rmed minskas skaderisken, samtidigt som smidigheten \u00f6kar i samband med l\u00e4tt massage. Anv\u00e4nds s\u00e5v\u00e4l f\u00f6re som efter t\u00e4vling och tr\u00e4ning.Granskat av ST:s (Svenska Travsport) expertgrupp f\u00f6r doping. 0 tim. karens. Det \u00e4r inte utan anledning som Fyra Ess \u00e4r [&hellip;]<\/p>\n","protected":false},"featured_media":2241,"comment_status":"open","ping_status":"closed","template":"","meta":{"_et_pb_use_builder":"","_et_pb_old_content":"","_et_gb_content_width":""},"product_brand":[],"product_cat":[25,26,28],"product_tag":[],"class_list":{"0":"post-2122","1":"product","2":"type-product","3":"status-publish","4":"has-post-thumbnail","6":"product_cat-alla-produkter","7":"product_cat-djurvard","8":"product_cat-hast","10":"first","11":"instock","12":"taxable","13":"shipping-taxable","14":"purchasable","15":"product-type-simple"},"_links":{"self":[{"href":"https:\/\/fyraess.se\/index.php?rest_route=\/wp\/v2\/product\/2122","targetHints":{"allow":["GET"]}}],"collection":[{"href":"https:\/\/fyraess.se\/index.php?rest_route=\/wp\/v2\/product"}],"about":[{"href":"https:\/\/fyraess.se\/index.php?rest_route=\/wp\/v2\/types\/product"}],"replies":[{"embeddable":true,"href":"https:\/\/fyraess.se\/index.php?rest_route=%2Fwp%2Fv2%2Fcomments&post=2122"}],"wp:featuredmedia":[{"embeddable":true,"href":"https:\/\/fyraess.se\/index.php?rest_route=\/wp\/v2\/media\/2241"}],"wp:attachment":[{"href":"https:\/\/fyraess.se\/index.php?rest_route=%2Fwp%2Fv2%2Fmedia&parent=2122"}],"wp:term":[{"taxonomy":"product_brand","embeddable":true,"href":"https:\/\/fyraess.se\/index.php?rest_route=%2Fwp%2Fv2%2Fproduct_brand&post=2122"},{"taxonomy":"product_cat","embeddable":true,"href":"https:\/\/fyraess.se\/index.php?rest_route=%2Fwp%2Fv2%2Fproduct_cat&post=2122"},{"taxonomy":"product_tag","embeddable":true,"href":"https:\/\/fyraess.se\/index.php?rest_route=%2Fwp%2Fv2%2Fproduct_tag&post=2122"}],"curies":[{"name":"wp","href":"https:\/\/api.w.org\/{rel}","templated":true}]}}